{"id":14,"date":"2026-03-07T19:07:41","date_gmt":"2026-03-07T18:07:41","guid":{"rendered":"https:\/\/callosumconcierge.pl\/?page_id=14"},"modified":"2026-04-05T17:21:27","modified_gmt":"2026-04-05T15:21:27","slug":"o-nas","status":"publish","type":"page","link":"https:\/\/callosumconcierge.pl\/?page_id=14","title":{"rendered":"O NAS"},"content":{"rendered":"\n<p>Tw\u00f3j czas to najcenniejszy kapita\u0142. My wiemy, jak nim zarz\u0105dza\u0107.<\/p>\n\n\n\n<p>Callosum Concierge to agencja lifestyle management, kt\u00f3ra powsta\u0142a z my\u015bl\u0105 o osobach operuj\u0105cych na najwy\u017cszych obrotach \u2013 lekarzach, specjalistach, przedsi\u0119biorcach i kadrze zarz\u0105dzaj\u0105cej. Doskonale rozumiemy, \u017ce sukces zawodowy i ogromna odpowiedzialno\u015b\u0107 rzadko pozostawiaj\u0105 przestrze\u0144 na swobodne zarz\u0105dzanie i korzystanie z \u017cycia prywatnego. Nasz\u0105 misj\u0105 jest wype\u0142nienie tej luki.<\/p>\n\n\n\n<p>Nazwa firmy nie jest przypadkowa. \u201eCallosum\u201d nawi\u0105zuje do spoid\u0142a wielkiego \u2013 struktury, kt\u00f3ra \u0142\u0105czy i synchronizuje prac\u0119 dw\u00f3ch p\u00f3\u0142kul m\u00f3zgowych. Dok\u0142adnie tak\u0105 rol\u0119 pe\u0142nimy w \u017cyciu naszych klient\u00f3w. Stanowimy niezawodny most \u0142\u0105cz\u0105cy Tw\u00f3j intensywny, wymagaj\u0105cy \u015bwiat zawodowy ze spokojem i perfekcyjn\u0105 organizacj\u0105 prywatnej codzienno\u015bci.<\/p>\n\n\n\n<h3 class=\"wp-block-heading\">NASZ TEAM<\/h3>\n\n\n\n<p><\/p>\n\n\n\n<p>Nazywam si\u0119 Joanna Ka\u017amierska i jestem za\u0142o\u017cycielk\u0105 firmy Callosum Concierge. <\/p>\n\n\n\n<p>Moje podej\u015bcie do efektywno\u015bci i zarz\u0105dzania logistyk\u0105 wykuwa\u0142o si\u0119 w wysoce wymagaj\u0105cych, ustrukturyzowanych \u015brodowiskach. Na co dzie\u0144 studiuj\u0119 kierunek lekarski, co samo w sobie wymaga \u017celaznej dyscypliny, przyswajania ogromnej ilo\u015bci wiedzy i analitycznego my\u015blenia. Zawsze jednak d\u0105\u017cy\u0142am do tego, by optymalizowa\u0107 sw\u00f3j czas na tyle, aby m\u00f3c realizowa\u0107 si\u0119 wielotorowo. Jako staro\u015bcina grupy, aktywna dzia\u0142aczka Mi\u0119dzynarodowego Stowarzyszenia Student\u00f3w Medycyny (IFMSA Poland) oraz wsp\u00f3\u0142organizatorka projekt\u00f3w takich jak &#8220;OnkoPrezent pod Choink\u0119&#8221;, ka\u017cdego dnia zarz\u0105dzam zespo\u0142ami, koordynuj\u0119 harmonogramy i dbam o bezb\u0142\u0119dn\u0105 komunikacj\u0119 pod presj\u0105.<\/p>\n\n\n\n<p>R\u00f3wnolegle trenuj\u0119 tr\u00f3jb\u00f3j si\u0142owy, reprezentuj\u0105c uczelni\u0119 na zawodach akademickich. Ten wymagaj\u0105cy sport nauczy\u0142 mnie bezkompromisowej konsekwencji, strategicznego planowania d\u0142ugoterminowego i skupienia na celu \u2013 umiej\u0119tno\u015bci, kt\u00f3re s\u0105 kluczowe przy prowadzeniu z\u0142o\u017conych projekt\u00f3w.<\/p>\n\n\n\n<p>To unikalne po\u0142\u0105czenie medycznej precyzji, liderskiego do\u015bwiadczenia i sportowej determinacji przek\u0142adam dzi\u015b bezpo\u015brednio na jako\u015b\u0107 us\u0142ug Callosum Concierge. Funkcjonowanie na najwy\u017cszych obrotach pozwoli\u0142o mi doskonale zrozumie\u0107 mechanizmy sukcesu i wyzwania z nim zwi\u0105zane. Wiem, \u017ce osoby potrafi\u0105ce bezb\u0142\u0119dnie zarz\u0105dza\u0107 firm\u0105 czy operowa\u0107 w warunkach klinicznych, cz\u0119sto zmagaj\u0105 si\u0119 z przyt\u0142aczaj\u0105cym chaosem logistyki prywatnej.<\/p>\n\n\n\n<p>Stworzy\u0142am t\u0119 agencj\u0119, aby przenie\u015b\u0107 rygor, dyscyplin\u0119 i perfekcyjn\u0105 organizacj\u0119 z mojego \u015bwiata do Twojego \u017cycia osobistego.<\/p>\n\n\n\n<p><\/p>\n","protected":false},"excerpt":{"rendered":"<p>Tw\u00f3j czas to najcenniejszy kapita\u0142. My wiemy, jak nim zarz\u0105dza\u0107. Callosum Concierge to agencja lifestyle management, kt\u00f3ra powsta\u0142a z my\u015bl\u0105 o osobach operuj\u0105cych na najwy\u017cszych obrotach \u2013 lekarzach, specjalistach, przedsi\u0119biorcach i kadrze zarz\u0105dzaj\u0105cej. Doskonale rozumiemy, \u017ce sukces zawodowy i ogromna odpowiedzialno\u015b\u0107 rzadko pozostawiaj\u0105 przestrze\u0144 na swobodne zarz\u0105dzanie i korzystanie z \u017cycia prywatnego. Nasz\u0105 misj\u0105 jest [&hellip;]<\/p>\n","protected":false},"author":1,"featured_media":0,"parent":0,"menu_order":0,"comment_status":"closed","ping_status":"closed","template":"","meta":{"footnotes":""},"class_list":["post-14","page","type-page","status-publish","hentry"],"_links":{"self":[{"href":"https:\/\/callosumconcierge.pl\/index.php?rest_route=\/wp\/v2\/pages\/14","targetHints":{"allow":["GET"]}}],"collection":[{"href":"https:\/\/callosumconcierge.pl\/index.php?rest_route=\/wp\/v2\/pages"}],"about":[{"href":"https:\/\/callosumconcierge.pl\/index.php?rest_route=\/wp\/v2\/types\/page"}],"author":[{"embeddable":true,"href":"https:\/\/callosumconcierge.pl\/index.php?rest_route=\/wp\/v2\/users\/1"}],"replies":[{"embeddable":true,"href":"https:\/\/callosumconcierge.pl\/index.php?rest_route=%2Fwp%2Fv2%2Fcomments&post=14"}],"version-history":[{"count":8,"href":"https:\/\/callosumconcierge.pl\/index.php?rest_route=\/wp\/v2\/pages\/14\/revisions"}],"predecessor-version":[{"id":71,"href":"https:\/\/callosumconcierge.pl\/index.php?rest_route=\/wp\/v2\/pages\/14\/revisions\/71"}],"wp:attachment":[{"href":"https:\/\/callosumconcierge.pl\/index.php?rest_route=%2Fwp%2Fv2%2Fmedia&parent=14"}],"curies":[{"name":"wp","href":"https:\/\/api.w.org\/{rel}","templated":true}]}}